{"id":3877,"date":"2026-03-11T18:03:36","date_gmt":"2026-03-11T18:03:36","guid":{"rendered":"https:\/\/temascalcingo.gob.mx\/pagina\/?page_id=3877"},"modified":"2026-03-11T18:52:26","modified_gmt":"2026-03-11T18:52:26","slug":"archivo-municipal","status":"publish","type":"page","link":"https:\/\/temascalcingo.gob.mx\/pagina\/normativa\/archivo-municipal\/","title":{"rendered":"Archivo Municipal"},"content":{"rendered":"\t\t<div data-elementor-type=\"wp-page\" data-elementor-id=\"3877\" class=\"elementor elementor-3877\">\n\t\t\t\t<div class=\"elementor-element elementor-element-90f8eb1 e-flex e-con-boxed e-con e-parent\" data-id=\"90f8eb1\" data-element_type=\"container\" data-settings=\"{&quot;background_background&quot;:&quot;classic&quot;}\">\n\t\t\t\t\t<div class=\"e-con-inner\">\n\t\t<div class=\"elementor-element elementor-element-856adab e-con-full e-flex e-con e-child\" data-id=\"856adab\" data-element_type=\"container\">\n\t\t\t\t<div class=\"elementor-element elementor-element-bfaf1e5 elementor-widget elementor-widget-heading\" data-id=\"bfaf1e5\" data-element_type=\"widget\" data-widget_type=\"heading.default\">\n\t\t\t\t<div class=\"elementor-widget-container\">\n\t\t\t\t\t<h1 class=\"elementor-heading-title elementor-size-default\">ARCHIVO MUNICIPAL<\/h1>\t\t\t\t<\/div>\n\t\t\t\t<\/div>\n\t\t\t\t<\/div>\n\t\t\t\t\t<\/div>\n\t\t\t\t<\/div>\n\t\t<div class=\"elementor-element elementor-element-a3e087a e-flex e-con-boxed e-con e-parent\" data-id=\"a3e087a\" data-element_type=\"container\" data-settings=\"{&quot;background_background&quot;:&quot;classic&quot;}\">\n\t\t\t\t\t<div class=\"e-con-inner\">\n\t\t<div class=\"elementor-element elementor-element-ec3017a e-con-full e-flex e-con e-child\" data-id=\"ec3017a\" data-element_type=\"container\">\n\t\t\t\t<div class=\"elementor-element elementor-element-5cda607 elementor-widget elementor-widget-heading\" data-id=\"5cda607\" data-element_type=\"widget\" data-widget_type=\"heading.default\">\n\t\t\t\t<div class=\"elementor-widget-container\">\n\t\t\t\t\t<h2 class=\"elementor-heading-title elementor-size-default\">Archivo Municipal<\/h2>\t\t\t\t<\/div>\n\t\t\t\t<\/div>\n\t\t\t\t<div class=\"elementor-element elementor-element-a4f83e5 elementor-widget elementor-widget-eael-adv-accordion\" data-id=\"a4f83e5\" data-element_type=\"widget\" data-widget_type=\"eael-adv-accordion.default\">\n\t\t\t\t<div class=\"elementor-widget-container\">\n\t\t\t\t\t        <div class=\"eael-adv-accordion\" id=\"eael-adv-accordion-a4f83e5\" data-scroll-on-click=\"no\" data-scroll-speed=\"300\" data-accordion-id=\"a4f83e5\" data-accordion-type=\"accordion\" data-toogle-speed=\"300\">\n    <div class=\"eael-accordion-list\">\n                <div id=\"catlogo-de-disposicin-documental\" class=\"elementor-tab-title eael-accordion-header\" tabindex=\"0\" data-tab=\"1\" aria-controls=\"elementor-tab-content-1721\"><span class=\"eael-advanced-accordion-icon-closed\"><i aria-hidden=\"true\" class=\"fa-accordion-icon fas fa-plus\"><\/i><\/span><span class=\"eael-advanced-accordion-icon-opened\"><i aria-hidden=\"true\" class=\"fa-accordion-icon fas fa-minus\"><\/i><\/span><span class=\"eael-accordion-tab-title\">CAT\u00c1LOGO DE DISPOSICI\u00d3N DOCUMENTAL<\/span><i aria-hidden=\"true\" class=\"fa-toggle fas fa-angle-right\"><\/i><\/div><div id=\"elementor-tab-content-1721\" class=\"eael-accordion-content clearfix\" data-tab=\"1\" aria-labelledby=\"catlogo-de-disposicin-documental\"><p><a href=\"https:\/\/temascalcingo.gob.mx\/pagina\/wp-content\/uploads\/2026\/03\/CATALOGO-DE-DISPOSICION-DOCUMENTAL-ARCHIVO-MUNICIPAL1.pdf\">CAT\u00c1LOGO DE DISPOSICI\u00d3N DOCUMENTAL\u00a0<\/a><\/p><\/div>\n                <\/div><div class=\"eael-accordion-list\">\n                <div id=\"cuadro-general-de-clasificacin-archivistica-\" class=\"elementor-tab-title eael-accordion-header\" tabindex=\"0\" data-tab=\"2\" aria-controls=\"elementor-tab-content-1722\"><span class=\"eael-advanced-accordion-icon-closed\"><i aria-hidden=\"true\" class=\"fa-accordion-icon fas fa-plus\"><\/i><\/span><span class=\"eael-advanced-accordion-icon-opened\"><i aria-hidden=\"true\" class=\"fa-accordion-icon fas fa-minus\"><\/i><\/span><span class=\"eael-accordion-tab-title\">CUADRO GENERAL DE CLASIFICACI\u00d3N ARCHIVISTICA <\/span><i aria-hidden=\"true\" class=\"fa-toggle fas fa-angle-right\"><\/i><\/div><div id=\"elementor-tab-content-1722\" class=\"eael-accordion-content clearfix\" data-tab=\"2\" aria-labelledby=\"cuadro-general-de-clasificacin-archivistica-\"><p><a href=\"https:\/\/temascalcingo.gob.mx\/pagina\/wp-content\/uploads\/2026\/03\/CUADRO-GENERAL-DE-CLASIFICACION-ARCHIVISTICA-ARCHIVO-MUNICIPAL1.pdf\">CUADRO GENERAL DE CLASIFICACI\u00d3N ARCHIVISTICA\u00a0<\/a><\/p><\/div>\n                <\/div><\/div>\t\t\t\t<\/div>\n\t\t\t\t<\/div>\n\t\t\t\t<\/div>\n\t\t\t\t\t<\/div>\n\t\t\t\t<\/div>\n\t\t<div class=\"elementor-element elementor-element-921e713 e-flex e-con-boxed e-con e-parent\" data-id=\"921e713\" data-element_type=\"container\">\n\t\t\t\t\t<div class=\"e-con-inner\">\n\t\t\t\t<div class=\"elementor-element elementor-element-a47f93d elementor-widget elementor-widget-spacer\" data-id=\"a47f93d\" data-element_type=\"widget\" data-widget_type=\"spacer.default\">\n\t\t\t\t<div class=\"elementor-widget-container\">\n\t\t\t\t\t\t\t<div class=\"elementor-spacer\">\n\t\t\t<div class=\"elementor-spacer-inner\"><\/div>\n\t\t<\/div>\n\t\t\t\t\t\t<\/div>\n\t\t\t\t<\/div>\n\t\t\t\t\t<\/div>\n\t\t\t\t<\/div>\n\t\t\t\t<\/div>\n\t\t\n    <div class=\"xs_social_share_widget xs_share_url after_content \t\tmain_content  wslu-style-1 wslu-share-box-shaped wslu-fill-colored wslu-none wslu-share-horizontal wslu-theme-font-no wslu-main_content\">\n\n\t\t\n        <ul>\n\t\t\t        <\/ul>\n    <\/div> \n","protected":false},"excerpt":{"rendered":"<p>ARCHIVO MUNICIPAL Archivo Municipal CAT\u00c1LOGO DE DISPOSICI\u00d3N DOCUMENTAL CAT\u00c1LOGO DE DISPOSICI\u00d3N DOCUMENTAL\u00a0 CUADRO GENERAL DE CLASIFICACI\u00d3N ARCHIVISTICA CUADRO GENERAL DE CLASIFICACI\u00d3N ARCHIVISTICA\u00a0<\/p>\n","protected":false},"author":3,"featured_media":0,"parent":147,"menu_order":0,"comment_status":"closed","ping_status":"closed","template":"","meta":{"site-sidebar-layout":"no-sidebar","site-content-layout":"page-builder","ast-site-content-layout":"full-width-container","site-content-style":"unboxed","site-sidebar-style":"unboxed","ast-global-header-display":"","ast-banner-title-visibility":"","ast-main-header-display":"","ast-hfb-above-header-display":"","ast-hfb-below-header-display":"","ast-hfb-mobile-header-display":"","site-post-title":"disabled","ast-breadcrumbs-content":"","ast-featured-img":"disabled","footer-sml-layout":"","theme-transparent-header-meta":"enabled","adv-header-id-meta":"","stick-header-meta":"","header-above-stick-meta":"","header-main-stick-meta":"","header-below-stick-meta":"","astra-migrate-meta-layouts":"set","ast-page-background-enabled":"default","ast-page-background-meta":{"desktop":{"background-color":"","background-image":"","background-repeat":"repeat","background-position":"center center","background-size":"auto","background-attachment":"scroll","background-type":"","background-media":"","overlay-type":"","overlay-color":"","overlay-opacity":"","overlay-gradient":""},"tablet":{"background-color":"","background-image":"","background-repeat":"repeat","background-position":"center center","background-size":"auto","background-attachment":"scroll","background-type":"","background-media":"","overlay-type":"","overlay-color":"","overlay-opacity":"","overlay-gradient":""},"mobile":{"background-color":"","background-image":"","background-repeat":"repeat","background-position":"center center","background-size":"auto","background-attachment":"scroll","background-type":"","background-media":"","overlay-type":"","overlay-color":"","overlay-opacity":"","overlay-gradient":""}},"ast-content-background-meta":{"desktop":{"background-color":"var(--ast-global-color-5)","background-image":"","background-repeat":"repeat","background-position":"center center","background-size":"auto","background-attachment":"scroll","background-type":"","background-media":"","overlay-type":"","overlay-color":"","overlay-opacity":"","overlay-gradient":""},"tablet":{"background-color":"var(--ast-global-color-5)","background-image":"","background-repeat":"repeat","background-position":"center center","background-size":"auto","background-attachment":"scroll","background-type":"","background-media":"","overlay-type":"","overlay-color":"","overlay-opacity":"","overlay-gradient":""},"mobile":{"background-color":"var(--ast-global-color-5)","background-image":"","background-repeat":"repeat","background-position":"center center","background-size":"auto","background-attachment":"scroll","background-type":"","background-media":"","overlay-type":"","overlay-color":"","overlay-opacity":"","overlay-gradient":""}},"footnotes":""},"class_list":["post-3877","page","type-page","status-publish","hentry"],"_links":{"self":[{"href":"https:\/\/temascalcingo.gob.mx\/pagina\/wp-json\/wp\/v2\/pages\/3877","targetHints":{"allow":["GET"]}}],"collection":[{"href":"https:\/\/temascalcingo.gob.mx\/pagina\/wp-json\/wp\/v2\/pages"}],"about":[{"href":"https:\/\/temascalcingo.gob.mx\/pagina\/wp-json\/wp\/v2\/types\/page"}],"author":[{"embeddable":true,"href":"https:\/\/temascalcingo.gob.mx\/pagina\/wp-json\/wp\/v2\/users\/3"}],"replies":[{"embeddable":true,"href":"https:\/\/temascalcingo.gob.mx\/pagina\/wp-json\/wp\/v2\/comments?post=3877"}],"version-history":[{"count":4,"href":"https:\/\/temascalcingo.gob.mx\/pagina\/wp-json\/wp\/v2\/pages\/3877\/revisions"}],"predecessor-version":[{"id":3884,"href":"https:\/\/temascalcingo.gob.mx\/pagina\/wp-json\/wp\/v2\/pages\/3877\/revisions\/3884"}],"up":[{"embeddable":true,"href":"https:\/\/temascalcingo.gob.mx\/pagina\/wp-json\/wp\/v2\/pages\/147"}],"wp:attachment":[{"href":"https:\/\/temascalcingo.gob.mx\/pagina\/wp-json\/wp\/v2\/media?parent=3877"}],"curies":[{"name":"wp","href":"https:\/\/api.w.org\/{rel}","templated":true}]}}