{"id":2399,"date":"2025-08-22T19:58:36","date_gmt":"2025-08-22T19:58:36","guid":{"rendered":"https:\/\/temascalcingo.gob.mx\/pagina\/?page_id=2399"},"modified":"2025-08-22T20:04:54","modified_gmt":"2025-08-22T20:04:54","slug":"disposiciones-legales-en-materia-de-transparencia","status":"publish","type":"page","link":"https:\/\/temascalcingo.gob.mx\/pagina\/disposiciones-legales-en-materia-de-transparencia\/","title":{"rendered":"Transparencia-Disposiciones Legales"},"content":{"rendered":"\t\t<div data-elementor-type=\"wp-page\" data-elementor-id=\"2399\" class=\"elementor elementor-2399\">\n\t\t\t\t<div class=\"elementor-element elementor-element-6293501 e-flex e-con-boxed e-con e-parent\" data-id=\"6293501\" data-element_type=\"container\" data-settings=\"{&quot;background_background&quot;:&quot;classic&quot;}\">\n\t\t\t\t\t<div class=\"e-con-inner\">\n\t\t<div class=\"elementor-element elementor-element-60f23af e-con-full e-flex e-con e-child\" data-id=\"60f23af\" data-element_type=\"container\">\n\t\t\t\t<\/div>\n\t\t\t\t\t<\/div>\n\t\t\t\t<\/div>\n\t\t<div class=\"elementor-element elementor-element-f1f0c77 e-flex e-con-boxed e-con e-parent\" data-id=\"f1f0c77\" data-element_type=\"container\">\n\t\t\t\t\t<div class=\"e-con-inner\">\n\t\t\t\t<div class=\"elementor-element elementor-element-fe81c21 elementor-widget elementor-widget-heading\" data-id=\"fe81c21\" data-element_type=\"widget\" data-widget_type=\"heading.default\">\n\t\t\t\t<div class=\"elementor-widget-container\">\n\t\t\t\t\t<h2 class=\"elementor-heading-title elementor-size-default\">Disposiciones Legales en Materia de Transparencia<\/h2>\t\t\t\t<\/div>\n\t\t\t\t<\/div>\n\t\t\t\t<div class=\"elementor-element elementor-element-e761c52 elementor-widget elementor-widget-eael-adv-accordion\" data-id=\"e761c52\" data-element_type=\"widget\" data-widget_type=\"eael-adv-accordion.default\">\n\t\t\t\t<div class=\"elementor-widget-container\">\n\t\t\t\t\t        <div class=\"eael-adv-accordion\" id=\"eael-adv-accordion-e761c52\" data-scroll-on-click=\"no\" data-scroll-speed=\"300\" data-accordion-id=\"e761c52\" data-accordion-type=\"accordion\" data-toogle-speed=\"300\">\n    <div class=\"eael-accordion-list\">\n                <div id=\"informacin\" class=\"elementor-tab-title eael-accordion-header\" tabindex=\"0\" data-tab=\"1\" aria-controls=\"elementor-tab-content-2421\"><span class=\"eael-advanced-accordion-icon-closed\"><i aria-hidden=\"true\" class=\"fa-accordion-icon fas fa-plus\"><\/i><\/span><span class=\"eael-advanced-accordion-icon-opened\"><i aria-hidden=\"true\" class=\"fa-accordion-icon fas fa-minus\"><\/i><\/span><h3 class=\"eael-accordion-tab-title\">Informaci\u00f3n<\/h3><i aria-hidden=\"true\" class=\"fa-toggle fas fa-angle-right\"><\/i><\/div><div id=\"elementor-tab-content-2421\" class=\"eael-accordion-content clearfix\" data-tab=\"1\" aria-labelledby=\"informacin\"><p><a href=\"https:\/\/temascalcingo.gob.mx\/pagina\/wp-content\/uploads\/2025\/08\/Ley-General-de-Transparencia-y-Acceso-a-la-Informacion-Publica.pdf\" target=\"_blank\" rel=\"noopener\">Ley General de Transparencia y Acceso a la Informaci\u00f3n P\u00fablica<\/a><\/p><p><a href=\"https:\/\/temascalcingo.gob.mx\/pagina\/wp-content\/uploads\/2025\/08\/Ley-de-Gobierno-Digital-del-Estado-de-Mexico.pdf\" target=\"_blank\" rel=\"noopener\">Ley de Gobierno Digital del Estado de M\u00e9xico<\/a><\/p><p><a href=\"https:\/\/temascalcingo.gob.mx\/pagina\/wp-content\/uploads\/2025\/08\/Ley-General-de-Contabilidad-Gubernamental.pdf\" target=\"_blank\" rel=\"noopener\">Ley General de Contabilidad Gubernamental<\/a><\/p><p><a href=\"https:\/\/temascalcingo.gob.mx\/pagina\/wp-content\/uploads\/2025\/08\/Ley-de-Proteccion-de-Datos-Personales-en-Posesion-de-Sujetos-Obligados-del-Estado-de-Mexico-y-Municip.pdf\" target=\"_blank\" rel=\"noopener\">Ley de Protecci\u00f3n de Datos Personales en Posesi\u00f3n de Sujetos Obligados del Estado de M\u00e9xico y Municipios<\/a><\/p><p><a href=\"https:\/\/temascalcingo.gob.mx\/pagina\/wp-content\/uploads\/2025\/08\/Ley-de-Transparencia-y-Acceso-a-la-Informacion-Publica-del-Estado-de-Mexico-y-Municipios.pdf\" target=\"_blank\" rel=\"noopener\">Ley de Transparencia y Acceso a la Informaci\u00f3n P\u00fablica del Estado de M\u00e9xico y Municipios<\/a><\/p><p><a href=\"https:\/\/temascalcingo.gob.mx\/pagina\/wp-content\/uploads\/2025\/08\/Reglamento-de-la-Ley-de-Transparencia-y-Acceso-a-la-Informacion-Publica-del-Estado-de-Mexico.pdf\" target=\"_blank\" rel=\"noopener\">Reglamento de la Ley de Transparencia y Acceso a la Informaci\u00f3n P\u00fablica del Estado de M\u00e9xico<\/a><\/p><\/div>\n                <\/div><\/div>\t\t\t\t<\/div>\n\t\t\t\t<\/div>\n\t\t\t\t\t<\/div>\n\t\t\t\t<\/div>\n\t\t<div class=\"elementor-element elementor-element-1b6150e e-flex e-con-boxed e-con e-parent\" data-id=\"1b6150e\" data-element_type=\"container\">\n\t\t\t\t\t<div class=\"e-con-inner\">\n\t\t\t\t<div class=\"elementor-element elementor-element-cdc9976 elementor-widget elementor-widget-spacer\" data-id=\"cdc9976\" data-element_type=\"widget\" data-widget_type=\"spacer.default\">\n\t\t\t\t<div class=\"elementor-widget-container\">\n\t\t\t\t\t\t\t<div class=\"elementor-spacer\">\n\t\t\t<div class=\"elementor-spacer-inner\"><\/div>\n\t\t<\/div>\n\t\t\t\t\t\t<\/div>\n\t\t\t\t<\/div>\n\t\t\t\t\t<\/div>\n\t\t\t\t<\/div>\n\t\t\t\t<\/div>\n\t\t\n    <div class=\"xs_social_share_widget xs_share_url after_content \t\tmain_content  wslu-style-1 wslu-share-box-shaped wslu-fill-colored wslu-none wslu-share-horizontal wslu-theme-font-no wslu-main_content\">\n\n\t\t\n        <ul>\n\t\t\t        <\/ul>\n    <\/div> \n","protected":false},"excerpt":{"rendered":"<p>Transparencia Disposiciones Legales en Materia de Transparencia Informaci\u00f3n Ley General de Transparencia y Acceso a la Informaci\u00f3n P\u00fablica Ley de Gobierno Digital del Estado de M\u00e9xico Ley General de Contabilidad Gubernamental Ley de Protecci\u00f3n de Datos Personales en Posesi\u00f3n de Sujetos Obligados del Estado de M\u00e9xico y Municipios Ley de Transparencia y Acceso a la [&hellip;]<\/p>\n","protected":false},"author":3,"featured_media":0,"parent":0,"menu_order":0,"comment_status":"closed","ping_status":"closed","template":"","meta":{"site-sidebar-layout":"no-sidebar","site-content-layout":"page-builder","ast-site-content-layout":"default","site-content-style":"default","site-sidebar-style":"default","ast-global-header-display":"","ast-banner-title-visibility":"","ast-main-header-display":"","ast-hfb-above-header-display":"","ast-hfb-below-header-display":"","ast-hfb-mobile-header-display":"","site-post-title":"disabled","ast-breadcrumbs-content":"","ast-featured-img":"disabled","footer-sml-layout":"","theme-transparent-header-meta":"enabled","adv-header-id-meta":"","stick-header-meta":"","header-above-stick-meta":"","header-main-stick-meta":"","header-below-stick-meta":"","astra-migrate-meta-layouts":"default","ast-page-background-enabled":"default","ast-page-background-meta":{"desktop":{"background-color":"","background-image":"","background-repeat":"repeat","background-position":"center center","background-size":"auto","background-attachment":"scroll","background-type":"","background-media":"","overlay-type":"","overlay-color":"","overlay-opacity":"","overlay-gradient":""},"tablet":{"background-color":"","background-image":"","background-repeat":"repeat","background-position":"center center","background-size":"auto","background-attachment":"scroll","background-type":"","background-media":"","overlay-type":"","overlay-color":"","overlay-opacity":"","overlay-gradient":""},"mobile":{"background-color":"","background-image":"","background-repeat":"repeat","background-position":"center center","background-size":"auto","background-attachment":"scroll","background-type":"","background-media":"","overlay-type":"","overlay-color":"","overlay-opacity":"","overlay-gradient":""}},"ast-content-background-meta":{"desktop":{"background-color":"var(--ast-global-color-5)","background-image":"","background-repeat":"repeat","background-position":"center center","background-size":"auto","background-attachment":"scroll","background-type":"","background-media":"","overlay-type":"","overlay-color":"","overlay-opacity":"","overlay-gradient":""},"tablet":{"background-color":"var(--ast-global-color-5)","background-image":"","background-repeat":"repeat","background-position":"center center","background-size":"auto","background-attachment":"scroll","background-type":"","background-media":"","overlay-type":"","overlay-color":"","overlay-opacity":"","overlay-gradient":""},"mobile":{"background-color":"var(--ast-global-color-5)","background-image":"","background-repeat":"repeat","background-position":"center center","background-size":"auto","background-attachment":"scroll","background-type":"","background-media":"","overlay-type":"","overlay-color":"","overlay-opacity":"","overlay-gradient":""}},"footnotes":""},"class_list":["post-2399","page","type-page","status-publish","hentry"],"_links":{"self":[{"href":"https:\/\/temascalcingo.gob.mx\/pagina\/wp-json\/wp\/v2\/pages\/2399","targetHints":{"allow":["GET"]}}],"collection":[{"href":"https:\/\/temascalcingo.gob.mx\/pagina\/wp-json\/wp\/v2\/pages"}],"about":[{"href":"https:\/\/temascalcingo.gob.mx\/pagina\/wp-json\/wp\/v2\/types\/page"}],"author":[{"embeddable":true,"href":"https:\/\/temascalcingo.gob.mx\/pagina\/wp-json\/wp\/v2\/users\/3"}],"replies":[{"embeddable":true,"href":"https:\/\/temascalcingo.gob.mx\/pagina\/wp-json\/wp\/v2\/comments?post=2399"}],"version-history":[{"count":4,"href":"https:\/\/temascalcingo.gob.mx\/pagina\/wp-json\/wp\/v2\/pages\/2399\/revisions"}],"predecessor-version":[{"id":2409,"href":"https:\/\/temascalcingo.gob.mx\/pagina\/wp-json\/wp\/v2\/pages\/2399\/revisions\/2409"}],"wp:attachment":[{"href":"https:\/\/temascalcingo.gob.mx\/pagina\/wp-json\/wp\/v2\/media?parent=2399"}],"curies":[{"name":"wp","href":"https:\/\/api.w.org\/{rel}","templated":true}]}}